{"id":512,"date":"2023-04-12T08:59:09","date_gmt":"2023-04-12T08:59:09","guid":{"rendered":"http:\/\/localhost\/mrittik\/?page_id=512"},"modified":"2025-02-25T17:08:04","modified_gmt":"2025-02-25T17:08:04","slug":"iletisim","status":"publish","type":"page","link":"https:\/\/www.zeynelcmurat.com\/monza\/iletisim\/","title":{"rendered":"\u0130leti\u015fim"},"content":{"rendered":"\t\t<div data-elementor-type=\"wp-page\" data-elementor-id=\"512\" class=\"elementor elementor-512\">\n\t\t\t\t        <section class=\"elementor-section elementor-top-section elementor-element elementor-element-7bbd1df pxl-section-has-bg f2-pri elementor-section-boxed elementor-section-height-default elementor-section-height-default pxl-row-scroll-none pxl-show-grid-none pxl-section-bg-none pxl-section-grid-bg-false\" data-id=\"7bbd1df\" data-element_type=\"section\" data-e-type=\"section\" id=\"pxl-getcolor-header\">\n\n                \n                <div class=\"elementor-container elementor-column-gap-default \">\n                <div class=\"elementor-column elementor-col-50 elementor-top-column elementor-element elementor-element-adce161 pxl-column-none\" data-id=\"adce161\" data-element_type=\"column\" data-e-type=\"column\">\r\n        <div class=\"elementor-widget-wrap elementor-element-populated\">\r\n                     \r\n        \t\t<div class=\"elementor-element elementor-element-c129411 elementor-widget elementor-widget-heading\" data-id=\"c129411\" data-element_type=\"widget\" data-e-type=\"widget\" data-widget_type=\"heading.default\">\n\t\t\t\t<div class=\"elementor-widget-container\">\n\t\t\t\t\t<h2 class=\"elementor-heading-title elementor-size-default\">Bizimle \u0130leti\u015fime Ge\u00e7in<br> <span style=\"color:#B19777\">Ba\u011flant\u0131da Kal\u0131n<\/span><\/h2>\t\t\t\t<\/div>\n\t\t\t\t<\/div>\n\t\t\t\t<div class=\"elementor-element elementor-element-8503a78 elementor-widget elementor-widget-pxl_text_editor\" data-id=\"8503a78\" data-element_type=\"widget\" data-e-type=\"widget\" data-widget_type=\"pxl_text_editor.default\">\n\t\t\t\t<div class=\"elementor-widget-container\">\n\t\t\t\t\t<div class=\"pxl-text-editor \" data-wow-delay=\"ms\" data-wow-duration=\"1.2s\">\n\t<div class=\"pxl-item--inner    \">\n\t\t<p>Monza M\u00fchendislik, in\u015faat ve medikal ihtiya\u00e7lar\u0131n\u0131za kalite, g\u00fcven ve estetik katarak, sizlere en iyi hizmeti sunmay\u0131 taahh\u00fct eder. Monza M\u00fchendislik projelerini ve g\u00fcncel haberlerini takip etmek i\u00e7in sosyal medya hesaplar\u0131m\u0131z\u0131 ve web sitemizi ziyaret etmeyi unutmay\u0131n!<br \/><br \/>\u00d6nerileriniz, tavsiyeleriniz bizler i\u00e7in \u00e7ok \u00f6nemli. Bizler ile ileti\u015fim kurmak i\u00e7in sayfam\u0131z\u0131 ziyaret edebilirsiniz.<\/p>\t<\/div>\n<\/div>\n\t\t\t\t<\/div>\n\t\t\t\t<\/div>\n\t\t            <\/div>\r\n        <\/div>\r\n                <div class=\"elementor-column elementor-col-50 elementor-top-column elementor-element elementor-element-1c2fee4 pxl-column-none\" data-id=\"1c2fee4\" data-element_type=\"column\" data-e-type=\"column\">\r\n        <div class=\"elementor-widget-wrap elementor-element-populated\">\r\n                     \r\n        \t\t<div class=\"elementor-element elementor-element-581f2c5 elementor-widget elementor-widget-pxl_contact_form\" data-id=\"581f2c5\" data-element_type=\"widget\" data-e-type=\"widget\" data-widget_type=\"pxl_contact_form.default\">\n\t\t\t\t<div class=\"elementor-widget-container\">\n\t\t\t\t\t    <div class=\"pxl-contact-form pxl-contact-form1 style2 \" data-wow-delay=\"ms\" data-wow-duration=\"1.2s\">\r\n        \n<div class=\"wpcf7 no-js\" id=\"wpcf7-f715-o1\" lang=\"en-US\" dir=\"ltr\" data-wpcf7-id=\"715\">\n<div class=\"screen-reader-response\"><p role=\"status\" aria-live=\"polite\" aria-atomic=\"true\"><\/p> <ul><\/ul><\/div>\n<form action=\"\/monza\/wp-json\/wp\/v2\/pages\/512#wpcf7-f715-o1\" method=\"post\" class=\"wpcf7-form init\" aria-label=\"Contact form\" novalidate=\"novalidate\" data-status=\"init\">\n<fieldset class=\"hidden-fields-container\"><input type=\"hidden\" name=\"_wpcf7\" value=\"715\" \/><input type=\"hidden\" name=\"_wpcf7_version\" value=\"6.1.5\" \/><input type=\"hidden\" name=\"_wpcf7_locale\" value=\"en_US\" \/><input type=\"hidden\" name=\"_wpcf7_unit_tag\" value=\"wpcf7-f715-o1\" \/><input type=\"hidden\" name=\"_wpcf7_container_post\" value=\"0\" \/><input type=\"hidden\" name=\"_wpcf7_posted_data_hash\" value=\"\" \/>\n<\/fieldset>\n<div class=\"wp-row-ctf7 contact-form-custom1\">\n\t<div class=\"row input-contact\">\n\t\t<div class=\"col-12\">\n\t\t\t<div class=\"input-filled\">\n\t\t\t\t<p><span class=\"wpcf7-form-control-wrap\" data-name=\"your-name\"><input size=\"40\" maxlength=\"400\" class=\"wpcf7-form-control wpcf7-text wpcf7-validates-as-required\" id=\"namefield\" aria-required=\"true\" aria-invalid=\"false\" placeholder=\"Ad\u0131n\u0131z\" value=\"\" type=\"text\" name=\"your-name\" \/><\/span>\n\t\t\t\t<\/p>\n\t\t\t<\/div>\n\t\t<\/div>\n\t\t<div class=\"col-12\">\n\t\t\t<div class=\"input-filled\">\n\t\t\t\t<p><span class=\"wpcf7-form-control-wrap\" data-name=\"your-phone\"><input class=\"wpcf7-form-control wpcf7-number wpcf7-validates-as-required wpcf7-validates-as-number\" id=\"phonefield\" aria-required=\"true\" aria-invalid=\"false\" placeholder=\"Telefon Numaran\u0131z\" value=\"\" type=\"number\" name=\"your-phone\" \/><\/span>\n\t\t\t\t<\/p>\n\t\t\t<\/div>\n\t\t<\/div>\n\t\t<div class=\"col-12\">\n\t\t\t<div class=\"input-filled\">\n\t\t\t\t<p><span class=\"wpcf7-form-control-wrap\" data-name=\"your-email\"><input size=\"40\" maxlength=\"400\" class=\"wpcf7-form-control wpcf7-email wpcf7-validates-as-required wpcf7-text wpcf7-validates-as-email\" id=\"mailfield\" aria-required=\"true\" aria-invalid=\"false\" placeholder=\"E-Posta Adresiniz\" value=\"\" type=\"email\" name=\"your-email\" \/><\/span>\n\t\t\t\t<\/p>\n\t\t\t<\/div>\n\t\t<\/div>\n\t<\/div>\n\t<div class=\"row input-contact large\">\n\t\t<div class=\"col-12\">\n\t\t\t<div class=\"input-filled\">\n\t\t\t\t<p><span class=\"wpcf7-form-control-wrap\" data-name=\"your-message\"><textarea cols=\"40\" rows=\"10\" maxlength=\"2000\" class=\"wpcf7-form-control wpcf7-textarea wpcf7-validates-as-required\" id=\"messagefield\" aria-required=\"true\" aria-invalid=\"false\" placeholder=\"Mesaj\u0131n\u0131z\" name=\"your-message\"><\/textarea><\/span>\n\t\t\t\t<\/p>\n\t\t\t<\/div>\n\t\t<\/div>\n\t<\/div>\n\t<div class=\"row button-contact\">\n\t\t<div class=\"col-12\">\n\t\t\t<div class=\"btn-form\">\n\t\t\t\t<p><button type=\"submit\" class=\"wpcf7-submit btn btn-default\"><br \/>\n<span class=\"pxl-wobble\" data-animation=\"pxl-xspin\">Formu G\u00f6nderin<\/span><br \/>\n<\/button>\n\t\t\t\t<\/p>\n\t\t\t<\/div>\n\t\t<\/div>\n\t<\/div>\n<\/div><div class=\"wpcf7-response-output\" aria-hidden=\"true\"><\/div>\n<\/form>\n<\/div>\n    <\/div>\r\n\t\t\t\t<\/div>\n\t\t\t\t<\/div>\n\t\t            <\/div>\r\n        <\/div>\r\n        \t\t\t<\/div>\n\t\t<\/section>\n\t\t        <section class=\"elementor-section elementor-top-section elementor-element elementor-element-e5d5d77 elementor-section-full_width pxl-bg-fou-six elementor-section-height-default elementor-section-height-default pxl-section-offset-none pxl-row-scroll-none pxl-show-grid-none pxl-section-bg-none pxl-section-grid-bg-false\" data-id=\"e5d5d77\" data-element_type=\"section\" data-e-type=\"section\">\n\n                \n                <div class=\"elementor-container elementor-column-gap-default \">\n                <div class=\"elementor-column elementor-col-100 elementor-top-column elementor-element elementor-element-9516fc3 pxl-column-none\" data-id=\"9516fc3\" data-element_type=\"column\" data-e-type=\"column\">\r\n        <div class=\"elementor-widget-wrap elementor-element-populated\">\r\n                     \r\n        \t\t<div class=\"elementor-element elementor-element-89fe72c pxl-widget-google-maps pxl-pointer-none elementor-widget elementor-widget-google_maps\" data-id=\"89fe72c\" data-element_type=\"widget\" data-e-type=\"widget\" data-widget_type=\"google_maps.default\">\n\t\t\t\t<div class=\"elementor-widget-container\">\n\t\t\t\t\t\t\t<div class=\"elementor-custom-embed\">\n\t\t\t<iframe loading=\"lazy\"\n\t\t\t\t\tsrc=\"https:\/\/maps.google.com\/maps?q=Monza%20Tasar%C4%B1m%20M%C3%BChendislik&#038;t=m&#038;z=16&#038;output=embed&#038;iwloc=near\"\n\t\t\t\t\ttitle=\"Monza Tasar\u0131m M\u00fchendislik\"\n\t\t\t\t\taria-label=\"Monza Tasar\u0131m M\u00fchendislik\"\n\t\t\t><\/iframe>\n\t\t<\/div>\n\t\t\t\t\t\t<\/div>\n\t\t\t\t<\/div>\n\t\t            <\/div>\r\n        <\/div>\r\n        \t\t\t<\/div>\n\t\t<\/section>\n\t\t\t\t<\/div>\n\t\t","protected":false},"excerpt":{"rendered":"<p>Bizimle \u0130leti\u015fime Ge\u00e7in Ba\u011flant\u0131da Kal\u0131n Monza M\u00fchendislik, in\u015faat ve medikal ihtiya\u00e7lar\u0131n\u0131za kalite, g\u00fcven ve estetik katarak, sizlere en iyi hizmeti sunmay\u0131 taahh\u00fct eder. Monza M\u00fchendislik projelerini ve g\u00fcncel haberlerini takip etmek i\u00e7in sosyal medya hesaplar\u0131m\u0131z\u0131 ve web sitemizi ziyaret etmeyi unutmay\u0131n! \u00d6nerileriniz, tavsiyeleriniz bizler i\u00e7in \u00e7ok \u00f6nemli. Bizler ile ileti\u015fim kurmak i\u00e7in sayfam\u0131z\u0131 ziyaret edebilirsiniz. [&hellip;]<\/p>\n","protected":false},"author":1,"featured_media":0,"parent":0,"menu_order":0,"comment_status":"closed","ping_status":"closed","template":"","meta":{"footnotes":""},"class_list":["post-512","page","type-page","status-publish","hentry"],"yoast_head":"<!-- This site is optimized with the Yoast SEO plugin v24.4 - https:\/\/yoast.com\/wordpress\/plugins\/seo\/ -->\n<title>\u0130leti\u015fim - Monza M\u00fchendislik<\/title>\n<meta name=\"description\" content=\"\u00d6nerileriniz, tavsiyeleriniz bizler i\u00e7in \u00e7ok \u00f6nemli. Bizler ile ileti\u015fim kurmak i\u00e7in sayfam\u0131z\u0131 ziyaret edebilirsiniz.\" \/>\n<meta name=\"robots\" content=\"noindex, follow, max-snippet:-1, max-image-preview:large, max-video-preview:-1\" \/>\n<meta property=\"og:locale\" content=\"tr_TR\" \/>\n<meta property=\"og:type\" content=\"article\" \/>\n<meta property=\"og:title\" content=\"\u0130leti\u015fim - Monza M\u00fchendislik\" \/>\n<meta property=\"og:description\" content=\"\u00d6nerileriniz, tavsiyeleriniz bizler i\u00e7in \u00e7ok \u00f6nemli. Bizler ile ileti\u015fim kurmak i\u00e7in sayfam\u0131z\u0131 ziyaret edebilirsiniz.\" \/>\n<meta property=\"og:url\" content=\"https:\/\/www.zeynelcmurat.com\/monza\/iletisim\/\" \/>\n<meta property=\"og:site_name\" content=\"Monza M\u00fchendislik\" \/>\n<meta property=\"article:modified_time\" content=\"2025-02-25T17:08:04+00:00\" \/>\n<meta name=\"twitter:card\" content=\"summary_large_image\" \/>\n<meta name=\"twitter:label1\" content=\"Tahmini okuma s\u00fcresi\" \/>\n\t<meta name=\"twitter:data1\" content=\"1 dakika\" \/>\n<script type=\"application\/ld+json\" class=\"yoast-schema-graph\">{\"@context\":\"https:\/\/schema.org\",\"@graph\":[{\"@type\":\"WebPage\",\"@id\":\"https:\/\/www.zeynelcmurat.com\/monza\/iletisim\/\",\"url\":\"https:\/\/www.zeynelcmurat.com\/monza\/iletisim\/\",\"name\":\"\u0130leti\u015fim - Monza M\u00fchendislik\",\"isPartOf\":{\"@id\":\"https:\/\/www.zeynelcmurat.com\/monza\/#website\"},\"datePublished\":\"2023-04-12T08:59:09+00:00\",\"dateModified\":\"2025-02-25T17:08:04+00:00\",\"description\":\"\u00d6nerileriniz, tavsiyeleriniz bizler i\u00e7in \u00e7ok \u00f6nemli. Bizler ile ileti\u015fim kurmak i\u00e7in sayfam\u0131z\u0131 ziyaret edebilirsiniz.\",\"breadcrumb\":{\"@id\":\"https:\/\/www.zeynelcmurat.com\/monza\/iletisim\/#breadcrumb\"},\"inLanguage\":\"tr\",\"potentialAction\":[{\"@type\":\"ReadAction\",\"target\":[\"https:\/\/www.zeynelcmurat.com\/monza\/iletisim\/\"]}]},{\"@type\":\"BreadcrumbList\",\"@id\":\"https:\/\/www.zeynelcmurat.com\/monza\/iletisim\/#breadcrumb\",\"itemListElement\":[{\"@type\":\"ListItem\",\"position\":1,\"name\":\"Anasayfa\",\"item\":\"https:\/\/www.zeynelcmurat.com\/monza\/\"},{\"@type\":\"ListItem\",\"position\":2,\"name\":\"\u0130leti\u015fim\"}]},{\"@type\":\"WebSite\",\"@id\":\"https:\/\/www.zeynelcmurat.com\/monza\/#website\",\"url\":\"https:\/\/www.zeynelcmurat.com\/monza\/\",\"name\":\"Monza M\u00fchendislik\",\"description\":\"My WordPress Blog\",\"publisher\":{\"@id\":\"https:\/\/www.zeynelcmurat.com\/monza\/#organization\"},\"potentialAction\":[{\"@type\":\"SearchAction\",\"target\":{\"@type\":\"EntryPoint\",\"urlTemplate\":\"https:\/\/www.zeynelcmurat.com\/monza\/?s={search_term_string}\"},\"query-input\":{\"@type\":\"PropertyValueSpecification\",\"valueRequired\":true,\"valueName\":\"search_term_string\"}}],\"inLanguage\":\"tr\"},{\"@type\":\"Organization\",\"@id\":\"https:\/\/www.zeynelcmurat.com\/monza\/#organization\",\"name\":\"Monza M\u00fchendislik\",\"url\":\"https:\/\/www.zeynelcmurat.com\/monza\/\",\"logo\":{\"@type\":\"ImageObject\",\"inLanguage\":\"tr\",\"@id\":\"https:\/\/www.zeynelcmurat.com\/monza\/#\/schema\/logo\/image\/\",\"url\":\"https:\/\/www.zeynelcmurat.com\/monza\/wp-content\/uploads\/2025\/02\/cropped-monza-muhendislik-logo.png\",\"contentUrl\":\"https:\/\/www.zeynelcmurat.com\/monza\/wp-content\/uploads\/2025\/02\/cropped-monza-muhendislik-logo.png\",\"width\":300,\"height\":84,\"caption\":\"Monza M\u00fchendislik\"},\"image\":{\"@id\":\"https:\/\/www.zeynelcmurat.com\/monza\/#\/schema\/logo\/image\/\"}}]}<\/script>\n<!-- \/ Yoast SEO plugin. -->","yoast_head_json":{"title":"\u0130leti\u015fim - Monza M\u00fchendislik","description":"\u00d6nerileriniz, tavsiyeleriniz bizler i\u00e7in \u00e7ok \u00f6nemli. Bizler ile ileti\u015fim kurmak i\u00e7in sayfam\u0131z\u0131 ziyaret edebilirsiniz.","robots":{"index":"noindex","follow":"follow","max-snippet":"max-snippet:-1","max-image-preview":"max-image-preview:large","max-video-preview":"max-video-preview:-1"},"og_locale":"tr_TR","og_type":"article","og_title":"\u0130leti\u015fim - Monza M\u00fchendislik","og_description":"\u00d6nerileriniz, tavsiyeleriniz bizler i\u00e7in \u00e7ok \u00f6nemli. Bizler ile ileti\u015fim kurmak i\u00e7in sayfam\u0131z\u0131 ziyaret edebilirsiniz.","og_url":"https:\/\/www.zeynelcmurat.com\/monza\/iletisim\/","og_site_name":"Monza M\u00fchendislik","article_modified_time":"2025-02-25T17:08:04+00:00","twitter_card":"summary_large_image","twitter_misc":{"Tahmini okuma s\u00fcresi":"1 dakika"},"schema":{"@context":"https:\/\/schema.org","@graph":[{"@type":"WebPage","@id":"https:\/\/www.zeynelcmurat.com\/monza\/iletisim\/","url":"https:\/\/www.zeynelcmurat.com\/monza\/iletisim\/","name":"\u0130leti\u015fim - Monza M\u00fchendislik","isPartOf":{"@id":"https:\/\/www.zeynelcmurat.com\/monza\/#website"},"datePublished":"2023-04-12T08:59:09+00:00","dateModified":"2025-02-25T17:08:04+00:00","description":"\u00d6nerileriniz, tavsiyeleriniz bizler i\u00e7in \u00e7ok \u00f6nemli. Bizler ile ileti\u015fim kurmak i\u00e7in sayfam\u0131z\u0131 ziyaret edebilirsiniz.","breadcrumb":{"@id":"https:\/\/www.zeynelcmurat.com\/monza\/iletisim\/#breadcrumb"},"inLanguage":"tr","potentialAction":[{"@type":"ReadAction","target":["https:\/\/www.zeynelcmurat.com\/monza\/iletisim\/"]}]},{"@type":"BreadcrumbList","@id":"https:\/\/www.zeynelcmurat.com\/monza\/iletisim\/#breadcrumb","itemListElement":[{"@type":"ListItem","position":1,"name":"Anasayfa","item":"https:\/\/www.zeynelcmurat.com\/monza\/"},{"@type":"ListItem","position":2,"name":"\u0130leti\u015fim"}]},{"@type":"WebSite","@id":"https:\/\/www.zeynelcmurat.com\/monza\/#website","url":"https:\/\/www.zeynelcmurat.com\/monza\/","name":"Monza M\u00fchendislik","description":"My WordPress Blog","publisher":{"@id":"https:\/\/www.zeynelcmurat.com\/monza\/#organization"},"potentialAction":[{"@type":"SearchAction","target":{"@type":"EntryPoint","urlTemplate":"https:\/\/www.zeynelcmurat.com\/monza\/?s={search_term_string}"},"query-input":{"@type":"PropertyValueSpecification","valueRequired":true,"valueName":"search_term_string"}}],"inLanguage":"tr"},{"@type":"Organization","@id":"https:\/\/www.zeynelcmurat.com\/monza\/#organization","name":"Monza M\u00fchendislik","url":"https:\/\/www.zeynelcmurat.com\/monza\/","logo":{"@type":"ImageObject","inLanguage":"tr","@id":"https:\/\/www.zeynelcmurat.com\/monza\/#\/schema\/logo\/image\/","url":"https:\/\/www.zeynelcmurat.com\/monza\/wp-content\/uploads\/2025\/02\/cropped-monza-muhendislik-logo.png","contentUrl":"https:\/\/www.zeynelcmurat.com\/monza\/wp-content\/uploads\/2025\/02\/cropped-monza-muhendislik-logo.png","width":300,"height":84,"caption":"Monza M\u00fchendislik"},"image":{"@id":"https:\/\/www.zeynelcmurat.com\/monza\/#\/schema\/logo\/image\/"}}]}},"_links":{"self":[{"href":"https:\/\/www.zeynelcmurat.com\/monza\/wp-json\/wp\/v2\/pages\/512","targetHints":{"allow":["GET"]}}],"collection":[{"href":"https:\/\/www.zeynelcmurat.com\/monza\/wp-json\/wp\/v2\/pages"}],"about":[{"href":"https:\/\/www.zeynelcmurat.com\/monza\/wp-json\/wp\/v2\/types\/page"}],"author":[{"embeddable":true,"href":"https:\/\/www.zeynelcmurat.com\/monza\/wp-json\/wp\/v2\/users\/1"}],"replies":[{"embeddable":true,"href":"https:\/\/www.zeynelcmurat.com\/monza\/wp-json\/wp\/v2\/comments?post=512"}],"version-history":[{"count":7,"href":"https:\/\/www.zeynelcmurat.com\/monza\/wp-json\/wp\/v2\/pages\/512\/revisions"}],"predecessor-version":[{"id":10091,"href":"https:\/\/www.zeynelcmurat.com\/monza\/wp-json\/wp\/v2\/pages\/512\/revisions\/10091"}],"wp:attachment":[{"href":"https:\/\/www.zeynelcmurat.com\/monza\/wp-json\/wp\/v2\/media?parent=512"}],"curies":[{"name":"wp","href":"https:\/\/api.w.org\/{rel}","templated":true}]}}